 of k?
5
Suppose 0 = 35*a + 6*a - 82. What is the tens digit of ((-2745)/30 + 13)/(a/(-12))?
7
Let x = 3549 - 1353. Suppose 25*a + x = 27*a. Suppose -g + 5*g = -j + 874, 0 = 5*g + 4*j - a. What is the hundreds digit of g?
2
Let j = 5126 - 3754. What is the tens digit of j?
7
Suppose -3*s + 180846 = 14*s - 0*s. What is the units digit of s?
8
Let b be ((-3)/(-9)*-1)/(4/12). What is the tens digit of (1285/25)/(b/(-5))?
5
Let i = 76 - 70. Suppose 5*y + 310 = 5*w, 2*w - i*w - 2*y = -278. Let v = 91 + w. What is the tens digit of v?
5
Suppose -12*s = -12325 + 55633. Let h = s - -5357. What is the thousands digit of h?
1
Let i(r) = r**3 + 31*r**2 - 203*r + 2806. What is the hundreds digit of i(16)?
5
Suppose 1158*w = -1157*w + 2327*w - 43764. What is the units digit of w?
7
What is the thousands digit of (-463089)/(-77) + 3 + 132/(-42)?
6
Suppose -4*i - 8229 = -p, 4*p + 5*i = -18703 + 51724. What is the hundreds digit of p?
2
Let n = 74 + -68. Let t(m) = 2*m + 8*m**2 + 15 + 2*m - m**3 - 3*m - n*m. What is the units digit of t(6)?
7
Suppose 2*c = 13*c - 11. What is the hundreds digit of 101835/146*((-11)/(-5) - c)?
8
Let v = 37 + -23. Let b(l) = 37*l + 11. Let h(s) = 19*s + 5. Let u(g) = 6*b(g) - 11*h(g). What is the units digit of u(v)?
3
Suppose -3*c = 5*u - 23, u + 4*u = -c + 21. Suppose u*n = 5*a + 55, 0*n = 2*n + 3*a - 11. What is the units digit of (59 - 1) + (n - 11)?
7
Let l be (-10)/4*(-32)/(-20). Let y(u) = -5*u**3 - 6*u**2 - 8*u + 6. Let f be y(l). Suppose -203 = -5*m + f. What is the units digit of m?
3
Let s(q) = -2*q**2 + 31*q - 20. Let m be s(15). Let p(t) = -119*t + 141. What is the units digit of p(m)?
6
Let r = -614 + 2645. Suppose 1713 = 18*b - r. What is the tens digit of b?
0
Let l = 11325 - 8061. What is the thousands digit of l?
3
Suppose 3*r - 19 - 95 = 0. Let p(d) = d**2 - 25*d + 90. What is the hundreds digit of p(r)?
5
Let h(z) = -z**3 + 5*z**2 - 10. Let q be h(4). Let s(m) = 42*m + 32. What is the hundreds digit of s(q)?
2
Suppose 9*j - 15233100 = -108*j - 183*j. What is the tens digit of j?
7
Let c(q) = -q**3 + q**2 + 1. Let a be 1/(0 - (4 - 5)). Let x(m) = 6*m**3 - 21*m**2 - 2*m + 34. Let f(b) = a*x(b) + 5*c(b). What is the units digit of f(16)?
7
Let s be 148/10*5 - (-2)/(-2). Let p = s - 70. Suppose p*o - 357 = 2*n, o - n + 27 = 145. What is the units digit of o?
1
Let w = -2730 + 9736. What is the units digit of w?
6
Let y(d) = -69*d - 111. Let p be y(4). Let v = p - -644. What is the tens digit of v?
5
Let p(v) = -94*v - 4. Let z(q) = -q. Let t(h) = p(h) - z(h). Let w be t(-1). Let f = w - 61. What is the tens digit of f?
2
Let x = 214 + -216. What is the units digit of 498*(-2 - (x - (-6)/(-9)))?
2
Let x(g) be the third derivative of g**5/12 - 3*g**4/8 - 59*g**3/3 - 6*g**2 - 2*g. What is the tens digit of x(13)?
1
Suppose 17970 = -19*o + 288321. What is the ten thousands digit of o?
1
Suppose 0 = -21*b - 15*b + 254610 + 2368962. What is the thousands digit of b?
2
Let z = -6825 - -10489. What is the hundreds digit of z?
6
Suppose 205 = f + 51. Suppose 2*m = 6*m - 5*s + 93, 2*s = -3*m - 87. Let u = f + m. What is the units digit of u?
7
Let f = -1713 + 11490. What is the hundreds digit of f?
7
Suppose -6*m + 18 + 6 = 0. Suppose 4*y - 4*w - 224 = -0*y, 175 = 3*y + m*w. Let k = 87 - y. What is the tens digit of k?
3
Suppose -65 = -34*o + 29*o. Suppose 40*f = o*f + 2106. What is the tens digit of f?
7
Let k be (4 + -7)*((-10)/6)/(-1). Let w(z) = -52*z - 67. What is the hundreds digit of w(k)?
1
Let h = 48799 + -31934. What is the hundreds digit of h?
8
Let j(q) = 18*q**2 + 16*q - 32. What is the tens digit of j(-8)?
9
Suppose 3*a = -3*v - 27, -5*v - 2*a + 0*a - 36 = 0. Let o be (-51)/2*2*1. What is the tens digit of v*5/10 - o?
4
Suppose 4*f - 3*l = 14, -3*f + 1 + 15 = -5*l. Suppose -4*h + f*h = -4*k + 5252, -5*h = -20. What is the hundreds digit of k?
3
Let f = 77 + -73. Suppose 607 + 119 = -f*j - 5*i, 4*j - 2*i + 712 = 0. Let k = j - -290. What is the units digit of k?
1
Suppose -19*r = -9*r - 135150. What is the hundreds digit of r?
5
Suppose -p + 0*p = -4, -4*k - 2*p = -40. Suppose 17090 = k*z + 6338. What is the thousands digit of z?
1
Let f = 47094 - 32284. What is the hundreds digit of f?
8
Let b(u) = 1224*u**2 - 19*u + 21. What is the thousands digit of b(1)?
1
Suppose -5*m + 5 = -5*w, 0 = -3*m + 9*w - 7*w + 6. Let z(u) = 7*u**3 - u**2 - 3*u. What is the units digit of z(m)?
0
Suppose 46*w + 492984 = 55*w. What is the tens digit of w?
7
Suppose 2*a - 62 = -4*g, -2*g = 2*a + 22 - 86. Suppose -32*v = -a*v + 1712. What is the hundreds digit of v?
7
Suppose 4*o - 3*z - 35176 = 0, 546*o - 548*o + 2*z = -17586. What is the units digit of o?
7
Suppose 0 = 12*u - 14*u - 4*z + 34, 4*u - z - 104 = 0. What is the tens digit of u?
2
Suppose -672 = -5*k - d + 4963, -2*k + 2254 = 2*d. Let x = k - 508. What is the hundreds digit of x?
6
Let x be (-14 + -12)*4/(-8). What is the tens digit of ((52/(-6))/x)/(4/(-2046))?
4
Let k be (168/10)/((-12)/(-390)). What is the hundreds digit of 1/(-1) + k + 0/25?
5
What is the hundreds digit of (4683/446)/((9/83130)/1)?
9
Let y = -124 - -126. Suppose 410 + 212 = -y*h. Let k = h + 490. What is the tens digit of k?
7
Let f(y) = y**3 + 11*y**2 + 12*y + 23. Let r be f(-10). Let c(v) = v + 1. Let o be c(r). What is the hundreds digit of 1/(3/1668*o)?
1
Suppose 2*i + 6 = -s, 2*i + 3*i + 14 = -3*s. Suppose 0 = -3*p + 6, -3*p + s = -2*o. What is the tens digit of 1 + 232/20 + o/5?
1
Suppose 64*q + 71*q - 5601421 = 365579. What is the hundreds digit of q?
2
Suppose 1541778 = -833*v + 875*v. What is the hundreds digit of v?
7
Let l = -19473 - -66007. What is the ten thousands digit of l?
4
Suppose 0*r + 4*z - 262 = 3*r, 0 = -5*r - 2*z - 428. Let c be 4/(-52)*3365 + 16/(-104). Let n = r - c. What is the units digit of n?
3
Let b(v) = v**3 + 6*v**2 - 10*v + 41. Let o(k) = -5*k**3 - 24*k**2 + 39*k - 163. Let n(m) = -9*b(m) - 2*o(m). What is the tens digit of n(6)?
2
Suppose a + 13621 = 3*m, 5*m - 17*a + 15*a - 22701 = 0. Suppose -29*c + 1839 = -m. What is the tens digit of c?
2
Suppose -5*s = -4*b, 0 = 4*b + 5*s + 20 + 20. Let p = b + 21. What is the units digit of (p/(-20))/((-4)/30)?
6
Let h be (-10)/(-14) - 4/(-14). Suppose l - 745 = -746. What is the units digit of (0 - 29)/(h/l)?
9
Let n(o) = -38*o**3 - 7*o**2 + o - 41. What is the units digit of n(-7)?
3
Let u = 4 - -166. Let d = 9 + -9. Suppose 15*r - 10*r - u = d. What is the units digit of r?
4
Let t = 56 + -24. Suppose 54 = 2*s - t. Suppose 41 = 3*x - s. What is the units digit of x?
8
Let v(k) = 24*k**2 - 11*k + 4. Let t be v(-5). Suppose 13*h = -t + 6132. What is the units digit of h?
1
Let o = 33237 + -19499. What is the tens digit of o?
3
Let f = 2374 - 339. Let g = 3191 - f. What is the thousands digit of g?
1
Suppose 48115 = 5*z - 5*f, -z + 5*f + 7753 + 1834 = 0. What is the tens digit of z?
3
Let n(d) = d**2 + 11*d - 6. Let h(t) = -t**2 - 1. Let y(f) = 2*h(f) + n(f). Let b be y(9). What is the units digit of ((-44)/b)/((-4)/80*1)?
8
Suppose 3*i = 2*i + 16. Suppose -6*q - 1496 = -40*q. Let z = q - i. What is the tens digit of z?
2
What is the thousands digit of 5605/(45/(-175) + (-34)/(-85))?
9
Let g(a) = 2*a**3 - 6*a**2 - 7*a + 2. Suppose 0 = 21*z - 5*z + 368. Let f = z - -28. What is the units digit of g(f)?
7
Let n = -17 - 28. Let r = 52 + n. Suppose -r*s + 448 = s. What is the units digit of s?
6
Suppose -p = 3*p. Suppose 3*h - 805 = -2*h - 5*s, -5*s - 20 = p. Suppose -4*c + 203 = -h. What is the units digit of c?
2
Let z(k) = -212 - 2*k + 151 - 2*k. What is the tens digit of z(-35)?
7
Suppose 0 = -c + 21 + 6. Let o be (8 + 4 + -1)*c. Suppose -3*d + 0*d = -o. What is the units digit of d?
9
Let i(j) = 176*j**3 - 9*j**2 + 86*j - 25. What is the units digit of i(7)?
4
Let f(t) = t**2 - 16*t + 22. Let m be f(15). Suppose m*n + 6*n - 7904 = 0. What is the units digit of n?
8
Let m = 1365 - -4147. Suppose -m = 6*b - 14*b. What is the hundreds digit of b?
6
Suppose 0 = 5*u + 88 + 2042. What is the hundreds digit of u*(-7)/28*2?
2
Let x(m) = 3*m + 4. Let o(g) = -7*g - 9. Let d(k) = -2*o(k) - 5*x(k). Let v be d(-7). Suppose v*a = -15, -i - a = -34 - 45. What is the units digit of i?
2
Let n(v) = v**3 + 10*v**2 + 11*v + 23. Let a be n(